{"id":65,"date":"2015-01-28T22:58:35","date_gmt":"2015-01-28T22:58:35","guid":{"rendered":"http:\/\/the-erudit-project.com\/?page_id=65"},"modified":"2015-01-28T23:05:25","modified_gmt":"2015-01-28T23:05:25","slug":"comment-participer","status":"publish","type":"page","link":"http:\/\/the-erudit-project.com\/?page_id=65","title":{"rendered":"Comment participer ?"},"content":{"rendered":"<p><strong>Vous souhaitez participer au projet, plusieurs possibilit\u00e9s s&rsquo;offre \u00e0 vous :<\/strong><\/p>\n<ul>\n<li><strong>Vous souhaitez apporter un soutient financier:<\/strong> Notre projet \u00e9tant enti\u00e8rement auto-produit par\u00a0ses membres, toute aide\u00a0de ce genre serait bien \u00e9videmment la bienvenue. Nous\u00a0n&rsquo;avons pas encore\u00a0pr\u00e9vu de moyen de financement par nos fans mais si vous voulez en discuter avec nous, vous pouvez nous \u00e9crire dans la section :\u00a0<a title=\"Contact\" href=\"http:\/\/the-erudit-project.com\/?page_id=54\">contact<\/a>.<\/li>\n<\/ul>\n<p>&nbsp;<\/p>\n<ul>\n<li><strong>Vous souhaitez participer au projet en tant qu&rsquo;acteur ou technicien: <\/strong>Comme je le disais ci-dessus ce projet n&rsquo;a pas de gros moyen de production. Nous ne pouvons donc pas r\u00e9mun\u00e9rer d&rsquo;\u00e9ventuel participant. N\u00e9anmoins, si vous souhaitez apporter une aide b\u00e9n\u00e9vole et peut \u00eatre appara\u00eetre sur internet. Ou encore \u00a0acqu\u00e9rir de l\u2019exp\u00e9rience dans le domaine de la cin\u00e9matographie \u00e0 l&rsquo;occasion d&rsquo;un projet artistique ambitieux. Vous pouvez nous contacter en pr\u00e9cisant le r\u00f4le que vous souhaiteriez avoir dans le projet (acteur, cascadeur, figurant, maquilleur, &#8230;). Comme ci-dessus cliquez sur le lien : <a title=\"Contact\" href=\"http:\/\/the-erudit-project.com\/?page_id=54\">contact<\/a>.<\/li>\n<\/ul>\n","protected":false},"excerpt":{"rendered":"<p>Vous souhaitez participer au projet, plusieurs possibilit\u00e9s s&rsquo;offre \u00e0 vous : Vous souhaitez apporter un soutient financier: Notre projet \u00e9tant enti\u00e8rement auto-produit par\u00a0ses membres, toute aide\u00a0de ce genre serait bien \u00e9videmment la bienvenue. Nous\u00a0n&rsquo;avons pas encore\u00a0pr\u00e9vu de moyen de financement par nos fans mais si vous voulez en discuter avec nous, vous pouvez nous \u00e9crire &hellip; <\/p>\n<p class=\"link-more\"><a href=\"http:\/\/the-erudit-project.com\/?page_id=65\" class=\"more-link\">Continuer la lecture<span class=\"screen-reader-text\"> de &laquo;&nbsp;Comment participer ?&nbsp;&raquo;<\/span><\/a><\/p>\n","protected":false},"author":3,"featured_media":0,"parent":0,"menu_order":0,"comment_status":"closed","ping_status":"closed","template":"","meta":{"jetpack_post_was_ever_published":false,"footnotes":""},"class_list":["post-65","page","type-page","status-publish","hentry"],"jetpack_sharing_enabled":true,"jetpack_shortlink":"https:\/\/wp.me\/P5FIAy-13","_links":{"self":[{"href":"http:\/\/the-erudit-project.com\/index.php?rest_route=\/wp\/v2\/pages\/65","targetHints":{"allow":["GET"]}}],"collection":[{"href":"http:\/\/the-erudit-project.com\/index.php?rest_route=\/wp\/v2\/pages"}],"about":[{"href":"http:\/\/the-erudit-project.com\/index.php?rest_route=\/wp\/v2\/types\/page"}],"author":[{"embeddable":true,"href":"http:\/\/the-erudit-project.com\/index.php?rest_route=\/wp\/v2\/users\/3"}],"replies":[{"embeddable":true,"href":"http:\/\/the-erudit-project.com\/index.php?rest_route=%2Fwp%2Fv2%2Fcomments&post=65"}],"version-history":[{"count":1,"href":"http:\/\/the-erudit-project.com\/index.php?rest_route=\/wp\/v2\/pages\/65\/revisions"}],"predecessor-version":[{"id":66,"href":"http:\/\/the-erudit-project.com\/index.php?rest_route=\/wp\/v2\/pages\/65\/revisions\/66"}],"wp:attachment":[{"href":"http:\/\/the-erudit-project.com\/index.php?rest_route=%2Fwp%2Fv2%2Fmedia&parent=65"}],"curies":[{"name":"wp","href":"https:\/\/api.w.org\/{rel}","templated":true}]}}